emainder when 2045789 is divided by 1039?
1037
Calculate the remainder when 17793 is divided by 1054.
929
What is the remainder when 24341 is divided by 518?
513
What is the remainder when 3354 is divided by 91?
78
Calculate the remainder when 42782 is divided by 428.
410
What is the remainder when 6054 is divided by 2015?
9
What is the remainder when 14552 is divided by 99?
98
Calculate the remainder when 641469 is divided by 156.
153
What is the remainder when 1098 is divided by 81?
45
What is the remainder when 3999 is divided by 43?
0
What is the remainder when 20614 is divided by 261?
256
Calculate the remainder when 38976 is divided by 73.
67
What is the remainder when 90733 is divided by 180?
13
What is the remainder when 104510 is divided by 46?
44
Calculate the remainder when 18621 is divided by 174.
3
Calculate the remainder when 30786 is divided by 15376.
34
What is the remainder when 16602 is divided by 5530?
12
What is the remainder when 252529 is divided by 93?
34
Calculate the remainder when 80891 is divided by 80887.
4
Calculate the remainder when 1541 is divided by 810.
731
Calculate the remainder when 112456 is divided by 57.
52
Calculate the remainder when 2817 is divided by 160.
97
What is the remainder when 233639 is divided by 220?
219
What is the remainder when 55812 is divided by 7973?
1
What is the remainder when 246865 is divided by 26?
21
What is the remainder when 39361 is divided by 379?
324
What is the remainder when 125139 is divided by 309?
303
Calculate the remainder when 5078 is divided by 1244.
102
Calculate the remainder when 11347 is divided by 68.
59
Calculate the remainder when 111639 is divided by 215.
54
Calculate the remainder when 34870 is divided by 209.
176
What is the remainder when 31000 is divided by 190?
30
Calculate the remainder when 6042949 is divided by 50.
49
Calculate the remainder when 4508 is divided by 4486.
22
Calculate the remainder when 2433 is divided by 29.
26
What is the remainder when 584585 is divided by 6354?
17
What is the remainder when 309875 is divided by 72?
59
Calculate the remainder when 63024 is divided by 15752.
16
What is the remainder when 3277 is divided by 17?
13
What is the remainder when 141714 is divided by 15?
9
What is the remainder when 3922 is divided by 41?
27
Calculate the remainder when 453442 is divided by 713.
687
Calculate the remainder when 1321 is divided by 610.
101
What is the remainder when 90797 is divided by 979?
729
What is the remainder when 246815 is divided by 190?
5
What is the remainder when 14947 is divided by 4975?
22
What is the remainder when 18038 is divided by 81?
56
Calculate the remainder when 94273 is divided by 74.
71
What is the remainder when 3494 is divided by 862?
46
Calculate the remainder when 69529 is divided by 14.
5
Calculate the remainder when 2081584 is divided by 414.
406
What is the remainder when 80600 is divided by 73?
8
Calculate the remainder when 20397 is divided by 61.
23
Calculate the remainder when 41433 is divided by 478.
325
Calculate the remainder when 28578 is divided by 60.
18
Calculate the remainder when 5424 is divided by 455.
419
What is the remainder when 30264 is divided by 3779?
32
Calculate the remainder when 15158 is divided by 114.
110
Calculate the remainder when 7050 is divided by 41.
39
Calculate the remainder when 4025 is divided by 1298.
131
What is the remainder when 7840 is divided by 89?
8
What is the remainder when 13861 is divided by 116?
57
Calculate the remainder when 350878 is divided by 7.
3
What is the remainder when 318 is divided by 17?
12
What is the remainder when 1631 is divided by 1618?
13
What is the remainder when 9770799 is divided by 25?
24
Calculate the remainder when 7646 is divided by 40.
6
What is the remainder when 117735 is divided by 281?
277
Calculate the remainder when 1917707 is divided by 647.
646
Calculate the remainder when 34503 is divided by 70.
63
Calculate the remainder when 7883 is divided by 1296.
107
What is the remainder when 25194 is divided by 8395?
9
Calculate the remainder when 29166 is divided by 179.
168
What is the remainder when 1439 is divided by 281?
34
Calculate the remainder when 1486 is divided by 624.
238
Calculate the remainder when 2933 is divided by 152.
45
Calculate the remainder when 3226235 is divided by 64.
59
What is the remainder when 770 is divided by 143?
55
What is the remainder when 129319 is divided by 20?
19
What is the remainder when 187091 is divided by 62360?
11
Calculate the remainder when 3221 is divided by 1608.
5
Calculate the remainder when 9857 is divided by 329.
316
What is the remainder when 16375 is divided by 3259?
80
Calculate the remainder when 3040 is divided by 1460.
120
Calculate the remainder when 10323 is divided by 942.
903
What is the remainder when 36215 is divided by 1906?
1
Calculate the remainder when 24101 is divided by 23.
20
What is the remainder when 81456 is divided by 216?
24
What is the remainder when 831 is divided by 383?
65
Calculate the remainder when 8931 is divided by 191.
145
Calculate the remainder when 92231 is divided by 244.
243
What is the remainder when 653661 is divided by 78?
21
What is the remainder when 222116 is divided by 12?
8
Calculate the remainder when 3722 is divided by 81.
77
Calculate the remainder when 426337 is divided by 85264.
17
What is the remainder when 11553 is divided by 3564?
861
What is the remainder when 3405 is divided by 64?
13
What is the remainder when 3248 is divided by 2390?
858
Calculate the remainder when 7492 is divided by 655.
287
What is the remainder when 55739 is divided by 23?
10
Calculate the remainder when 11240 is divided by 1010.
130
What is the remainder when 311478 is divided by 52?
50
What is the remainder when 387479 is divided by 687?
11
Calculate the remainder when 8334 is divided by 247.
183
Calculate the remainder when 1139176 is divided by 1106.
1102
Calculate the remainder when 200118 is divided by 113.
108
What is the remainder when 151951 is divided by 104?
7
What is the remainder when 168473 is divided by 135?
128
Calculate the remainder when 1227 is divided by 559.
109
What is the remainder when 2376 is divided by 1866?
510
What is the remainder when 29447 is divided by 7347?
59
What is the remainder when 63584 is divided by 405?
404
What is the remainder when 13681 is divided by 29?
22
Calculate the remainder when 1655 is divided by 97.
6
Calculate the remainder when 175897 is divided by 1599.
7
Calculate the remainder when 18036 is divided by 83.
25
What is the remainder when 49856 is divided by 10?
6
What is the remainder when 984200 is divided by 703?
0
Calculate the remainder when 110285 is divided by 110268.
17
Calculate the remainder when 2211 is divided by 184.
3
What is the remainder when 18847 is divided by 6228?
163
Calculate the remainder when 440 is divided by 88.
0
Calculate the remainder when 12823 is divided by 3193.
51
What is the remainder when 28134 is divided by 168?
78
Calculate the remainder when 2726 is divided by 384.
38
Calculate the remainder when 371 is divided by 242.
129
Calculate the remainder when 13179 is divided by 136.
123
What is the remainder when 1859 is divided by 313?
294
What is the remainder when 100967 is divided by 230?
227
Calculate the remainder when 3810622 is divided by 669.
667
What is the remainder when 142591 is divided by 124?
115
What is the remainder when 370 is divided by 54?
46
Calculate the remainder when 543531 is divided by 16.
11
What is the remainder when 4471 is divided by 635?
26
Calculate the remainder when 8665 is divided by 2787.
304
Calculate the remainder when 17049 is divided by 515.
54
What is the remainder when 552668 is divided by 170?
168
What is the remainder when 5922 is divided by 1973?
3
Calculate the remainder when 6850 is divided by 721.
361
Calculate the remainder when 99990 is divided by 19995.
15
Calculate the remainder when 9224 is divided by 2806.
806
Calculate the remainder when 1027137 is divided by 17.
14
What is the remainder when 42034 is divided by 6000?
34
Calculate the remainder when 291378 is divided by 154.
10
Calculate the remainder when 473844 is divided by 2430.
2424
What is the remainder when 13240 is divided by 883?
878